
-2
In base 3, what is 2 - 1111222?
-1111220
In base 10, what is -2 + 15?
13
In base 4, what is -13 + -112?
-131
In base 16, what is 7 - f?
-8
In base 6, what is -24 - 0?
-24
In base 3, what is -2 + 12110?
12101
In base 14, what is -1 + -13b?
-13c
In base 11, what is 10 + 97?
a7
In base 13, what is -191 - 45?
-206
In base 2, what is 1110000 - -1010110?
11000110
In base 14, what is -da + 3?
-d7
In base 13, what is 4 - 7?
-3
In base 8, what is -11025 - -5?
-11020
In base 3, what is 2 - -1?
10
In base 10, what is -9 + 8?
-1
In base 4, what is -12 + 10?
-2
In base 14, what is 3 - -c4?
c7
In base 14, what is b - 30?
-23
In base 13, what is -1c - -4b?
2c
In base 3, what is 111012110 + 0?
111012110
In base 12, what is -5236 - 1?
-5237
In base 14, what is -a60 - -2?
-a5c
In base 4, what is 1 + -22?
-21
In base 5, what is 1 - 212?
-211
In base 11, what is -4 - 79?
-82
In base 16, what is -1 + -c?
-d
In base 6, what is -1 + -1110?
-1111
In base 8, what is 4 + -7040?
-7034
In base 3, what is 0 - -2001?
2001
In base 10, what is -3437 - 3?
-3440
In base 4, what is 0 - -133?
133
In base 11, what is 3a4 - 5?
39a
In base 2, what is 101 + 100000001?
100000110
In base 5, what is 2212 - 0?
2212
In base 4, what is -11 + -30001?
-30012
In base 10, what is 28 + 1394?
1422
In base 12, what is 0 + 37?
37
In base 14, what is -1 - -107?
106
In base 15, what is 7bc - 5?
7b7
In base 15, what is b8d - 2?
b8b
In base 15, what is 229c - 0?
229c
In base 16, what is 21 - -3?
24
In base 14, what is -2 - -d?
b
In base 2, what is -1 + -10110010100?
-10110010101
In base 16, what is -163 - -2?
-161
In base 7, what is 1 + 114?
115
In base 4, what is 23 - -130?
213
In base 5, what is 31 - 2?
24
In base 14, what is -1cb9 - -1?
-1cb8
In base 14, what is -a + -30?
-3a
In base 2, what is -1111110111 + -101?
-1111111100
In base 5, what is 100 + -202?
-102
In base 11, what is 5 + 1657?
1661
In base 7, what is 50 + -1?
46
In base 4, what is -102 + -21?
-123
In base 7, what is 30 + -436?
-406
In base 9, what is 44 + 16?
61
In base 10, what is -1283 - -9?
-1274
In base 7, what is -1 - -43?
42
In base 10, what is 170 + 4?
174
In base 16, what is 1 + 1f?
20
In base 14, what is 9d + 11?
b0
In base 16, what is 3 + 860?
863
In base 11, what is -a - 200?
-20a
In base 3, what is -121101 + 12?
-121012
In base 16, what is -2c2c + -4?
-2c30
In base 16, what is -122 + -d?
-12f
In base 9, what is 10875 - -4?
10880
In base 6, what is -2012 + 1?
-2011
In base 10, what is -5 + 4?
-1
In base 7, what is 531 - -23?
554
In base 15, what is -a - 90?
-9a
In base 4, what is 3030 - -130?
3220
In base 8, what is 16 - 62?
-44
In base 14, what is 5 + -1a90?
-1a89
In base 7, what is 10 + 4?
14
In base 15, what is -7 + -8e?
-96
In base 4, what is -303 - -3?
-300
In base 6, what is -215 + 10?
-205
In base 7, what is 1643 + -4?
1636
In base 12, what is 0 + -139?
-139
In base 12, what is 15 + 22?
37
In base 16, what is -1f2 + 11?
-1e1
In base 4, what is 100 - 30?
10
In base 2, what is 10010001 + 11?
10010100
In base 9, what is -5 + 23?
17
In base 8, what is -7070 - -2?
-7066
In base 7, what is -32 + -2?
-34
In base 5, what is 1 - 2201?
-2200
In base 6, what is -12551 - 5?
-13000
In base 15, what is c - -3?
10
In base 3, what is 11220 - -122?
12112
In base 13, what is -13 - 2?
-15
In base 12, what is 2 + -2474?
-2472
In base 3, what is 1000 + 1211?
2211
In base 2, what is 1111 + -111110?
-101111
In base 15, what is 799 - 9?
790
In base 6, what is 503 - -2?
505
In base 13, what is 27 - -4?
2b
In base 14, what is -3 + -28?
-2b
In base 10, what is -5035 + 5?
-5030
In base 6, what is -20330 - -15?
-20311
In base 14, what is 4 + -1b4c?
-1b48
In base 13, what is 5 + -9?
-4
In base 6, what is -31 - 5?
-40
In base 13, what is -7522 + 0?
-7522
In base 6, what is -5 + 1120?
1111
In base 4, what is 3213320 - 3?
3213311
In base 14, what is -34 - 34?
-68
In base 2, what is 10011 + -10?
10001
In base 11, what is -3 + a0?
98
In base 4, what is -20032 + 2?
-20030
In base 4, what is 201232 + -10?
201222
In base 7, what is 1 - -532?
533
In base 9, what is -1 + 56?
55
In base 16, what is 1 - -c0?
c1
In base 5, what is -20 + -33424?
-33444
In base 7, what is -40 - -51?
11
In base 9, what is 4 - 47?
-43
In base 2, what is 10000010011 + 1100?
10000011111
In base 4, what is 1322 - -2?
1330
In base 5, what is 33 - 4?
24
In base 7, what is -2450 - -2?
-2445
In base 14, what is -5 + 2c?
27
In base 9, what is 125 - 100?
25
In base 3, what is -1221202 - -20?
-1221112
In base 12, what is 25 - -4?
29
In base 10, what is 1 + 3?
4
In base 11, what is -4 + 239?
235
In base 7, what is -132403 + 3?
-132400
In base 5, what is 3 - -202?
210
In base 7, what is 1 - -1?
2
In base 3, what is 12 + 1120?
1202
In base 16, what is -14 - 40?
-54
In base 5, what is -143422 + 4?
-143413
In base 11, what is -1 - 419?
-41a
In base 4, what is -20 + -3222?
-3302
In base 4, what is 1 - 1302?
-1301
In base 10, what is -39 + 2?
-37
In base 2, what is -10 + 101101?
101011
In base 10, what is -5 - 715?
-720
In base 15, what is -6 + -49?
-50
In base 8, what is 3 - 1314?
-1311
In base 15, what is -5 - 5e?
-64
In base 3, what is -10 + 10101200?
10101120
In base 14, what is 7 + -48?
-41
In base 7, what is -1 + -20222?
-20223
In base 14, what is -b + -5a?
-67
In base 7, what is 234 - 3?
231
In base 11, what is 2 - a?
-8
In base 14, what is 4 + -8d3?
-8cd
In base 5, what is 403 + -311?
42
In base 14, what is -4b + -26?
-73
In base 11, what is 107 + -11?
a6
In base 11, what is -2 - -42?
40
In base 8, what is 12375 + 2?
12377
In base 16, what is -2 - -7?
5
In base 15, what is -3e1 + 0?
-3e1
In base 5, what is -122031 + -4?
-122040
In base 2, what is 1100 - -11110110?
100000010
In base 16, what is -1 + -8e8?
-8e9
In base 16, what is e4 - 3?
e1
In base 10, what is 1 - 9?
-8
In base 12, what is 4 - 5a?
-56
In base 5, what is 21 + -23?
-2
In base 9, what is 5 + 6741?
6746
In base 6, what is 2 - -35?
41
In base 7, what is 5143 + -5?
5135
In base 8, what is 2456 + 21?
2477
In base 7, what is -214430 - 5?
-214435
In base 11, what is -3040 + 0?
-3040
In base 3, what is -220210 - -1?
-220202
In base 2, what is 1 - 10010?
-10001
In base 12, what is 1592 + 5?
1597
In base 11, what is 385 - -3?
388
In base 14, what is 2b - -16c?
199
In base 2, what is -10100011101 + -100?
-10100100001
In base 3, what is 111011110 - 11?
111011022
In base 13, what is 1 + 6c6?
6c7
In base 4, what is 3133 + -11?
3122
In base 2, what is 1101010 + -110?
1100100
In base 12, what is -1 + 100?
bb
In base 16, what is 3 + -2e?
-2b
In base 14, what is 6c6 - 0?
6c6
In base 6, what is 2 - 42?
-40
In base 10, what is -1 - -130?
129
In base 16, what is 3 + -21f?
-21c
In base 3, what is 222 - 100?
122
In base 11, what is 34 - -25a?
293
In base 7, what is -10 - -113?
103
In base 14, what is -13a - -4?
-136
In base 3, what is 10 - 2212120?
-2212110
In base 10, what is -7195 + -1?
-7196
In base 4, what is 30121 - 10?
30111
In base 9, what is 6 + 26?
33
In base 14, what is -2bb - 5?
-2c2
In base 10, what is 6 + -20?
-14
In base 7, what is 0 + 34?
34
In base 13, what is 258b - 4?
2587
In base 2, what is 1 - -111101010?
111101011
In base 15, what is -2 - -3a?
38
In base 14, what is 2 + -108?
-106
In base 11, what is -2 + 6?
4
In base 9, what is -3 + -2407?
-2411
In base 6, what is -2420 + -1?
-2421
In base 13, what is 8 - -17?
22
In base 7, what is -2 + -306?
-311
In base 8, what is -35 - -3?
-32
In base 9, what is 2 + 203?
205
In base 4, what is 1310 - -11?
1321
In base 14, what is 56a - -5?
571
In base 8, what is 1044 + -2?
1042
In base 7, what is -1 + -26?
-30
In base 6, what is 1 + -22?
-21
In base 9, what is -1 + 7704?
7703
In base 12, what is -4 + -54?
-58
In base 12, what is 210b + 5?
2114
In base 15, what is -3 - 57?
-5a
In base 4, what is -21 + -2?
-23
In base 7, what is -130 - -22?
-105
In base 9, what is -5 - -386?
381
In base 11, what is -142 - -11?
-131
In base 6, what is -1122 + 23?
-1055
In base 16, what is -1dd + 6?
-1d7
In base 8, what is -134 - 2?
-136
In base 2, what is -110110 + 10001?
-100101
In base 2, what is 11001000 - 111?
11000001
In base 4, what is -12 - 131?
-203
In base 15, what is -2d85 + -1?
-2d86
In base 5, what is 343 + 11?
404
In base 15, what is -a - 12?
-1c
In base 6, what is 0 + 104?
104
In base 